
False
Is 34799699 prime?
False
Is 16491347 a prime number?
False
Is 15321023 a prime number?
False
Is 155362 a prime number?
False
Is 11325521 a prime number?
True
Is 4682263 prime?
False
Is 3585683 a composite number?
True
Is 58707991 composite?
False
Is 93973241 a composite number?
True
Is 497291 a composite number?
False
Is 457837619 a composite number?
False
Is 24151 prime?
True
Is 1239239 composite?
False
Is 11013581 a composite number?
False
Is 5012311 a prime number?
False
Is 8710291 composite?
True
Is 183416711 prime?
True
Is 179346758 prime?
False
Is 9906473 prime?
True
Is 1145979247 a prime number?
False
Is 2928929 composite?
False
Is 570191 a prime number?
True
Is 7083331 a composite number?
False
Is 3522297 prime?
False
Is 7400401 a composite number?
True
Is 717133 prime?
True
Is 2527913 a composite number?
False
Is 19030906 composite?
True
Is 277601839 composite?
False
Is 1145873 a prime number?
True
Is 258487 composite?
False
Is 176791 prime?
True
Is 57474853 a composite number?
False
Is 2062534 a composite number?
True
Is 155229341 composite?
False
Is 2191621 prime?
False
Is 5098763 a prime number?
True
Is 3148777 composite?
True
Is 11672711 a prime number?
True
Is 12282139 a prime number?
True
Is 1221532111 a prime number?
True
Is 110104187 composite?
False
Is 9220105 a composite number?
True
Is 11955617 composite?
True
Is 875081 a composite number?
True
Is 11260927 composite?
False
Is 161158211 a composite number?
False
Is 1590311 composite?
False
Is 4692757 a composite number?
False
Is 12128549 prime?
False
Is 28126427 prime?
False
Is 89416541 a prime number?
False
Is 2175947 a prime number?
True
Is 262103 prime?
True
Is 10783957 prime?
True
Is 6168457 composite?
False
Is 116213941 a composite number?
True
Is 160105313 prime?
True
Is 26084771 a composite number?
False
Is 23430263 a prime number?
True
Is 1994095 a composite number?
True
Is 98911279 composite?
False
Is 67651 a prime number?
True
Is 78693481 a prime number?
False
Is 3721673 prime?
True
Is 14009201 a composite number?
False
Is 147048803 composite?
True
Is 35939741 prime?
True
Is 90104071 composite?
False
Is 12093941 a composite number?
False
Is 2059459 composite?
False
Is 685907 a prime number?
True
Is 145778741 a composite number?
False
Is 26391277 a composite number?
True
Is 107467 a prime number?
True
Is 70351037 a prime number?
False
Is 6521293 a composite number?
False
Is 27149014 composite?
True
Is 109919963 a composite number?
False
Is 247156103 a composite number?
False
Is 5748247 a prime number?
False
Is 12993833 a composite number?
True
Is 2788979 composite?
False
Is 1054249 a prime number?
False
Is 5188411 composite?
False
Is 2427827 a prime number?
False
Is 1160266 prime?
False
Is 7105873 a composite number?
True
Is 759428557 a composite number?
False
Is 62953927 a composite number?
False
Is 2266757947 prime?
True
Is 846055993 a prime number?
True
Is 4070051 a prime number?
True
Is 11304443 prime?
False
Is 7917011 a prime number?
True
Is 15226283 composite?
False
Is 9527 prime?
False
Is 188569 a prime number?
False
Is 29752009 a composite number?
True
Is 755189 a prime number?
False
Is 4695781 composite?
True
Is 4523119 prime?
False
Is 116582729 a composite number?
False
Is 406521065 composite?
True
Is 19841537 composite?
False
Is 559241 a prime number?
False
Is 719467153 composite?
True
Is 140910787 prime?
False
Is 484400963 a composite number?
False
Is 7404203 prime?
True
Is 36608135 a prime number?
False
Is 2203603 prime?
False
Is 343517 a prime number?
True
Is 9397937 a composite number?
False
Is 4227007 a prime number?
False
Is 6471239 prime?
True
Is 185112989 composite?
False
Is 4938443 composite?
False
Is 595613 a prime number?
True
Is 2794523 prime?
False
Is 3448439 a composite number?
False
Is 24622303 a prime number?
False
Is 5051869 prime?
False
Is 29936237 a composite number?
True
Is 3000758 a composite number?
True
Is 1599040271 a composite number?
False
Is 5032189 composite?
False
Is 29462523 a composite number?
True
Is 5304863 prime?
False
Is 766760513 composite?
False
Is 815113 composite?
True
Is 26380691 a composite number?
True
Is 42876859 prime?
True
Is 69318299 a prime number?
False
Is 164994241 a prime number?
True
Is 3637637 a composite number?
False
Is 2100913 prime?
True
Is 1902917 a prime number?
True
Is 2708666 a composite number?
True
Is 7782631 composite?
True
Is 229271453 prime?
False
Is 1497701 a prime number?
True
Is 2281969 a composite number?
True
Is 133443573 a prime number?
False
Is 67135067 composite?
True
Is 3875735 a prime number?
False
Is 18935393 prime?
True
Is 515539 composite?
False
Is 25057573 prime?
True
Is 271111717 prime?
True
Is 81976441 prime?
True
Is 526271 a composite number?
False
Is 1524787 prime?
False
Is 15670999 a prime number?
False
Is 3027307 a prime number?
False
Is 9822029 composite?
True
Is 23958377 a prime number?
False
Is 23534857 composite?
False
Is 100304459 a prime number?
True
Is 1532357 prime?
False
Is 8846371 prime?
True
Is 2392459 a prime number?
True
Is 7780735 a composite number?
True
Is 5205097 composite?
True
Is 27701617 prime?
True
Is 642169 a composite number?
True
Is 119255449 a composite number?
False
Is 3308231 prime?
False
Is 3556621 a composite number?
True
Is 184850803 prime?
False
Is 96602339 a prime number?
True
Is 48972955 prime?
False
Is 9340697 a prime number?
False
Is 509594879 a composite number?
False
Is 2066017 a composite number?
False
Is 3710537 prime?
False
Is 10337179 prime?
True
Is 44579603 a prime number?
True
Is 20870893 a composite number?
True
Is 163523207 a prime number?
True
Is 812677 a prime number?
False
Is 12734069 a prime number?
True
Is 21365347 composite?
False
Is 1254899 a prime number?
True
Is 18726637 prime?
True
Is 5089793 a composite number?
False
Is 161663 a prime number?
False
Is 826799 a composite number?
False
Is 3465463 composite?
False
Is 336309479 a composite number?
True
Is 3796838 composite?
True
Is 28831177 a composite number?
True
Is 11449289 prime?
True
Is 1157469077 composite?
False
Is 15031423 prime?
False
Is 271883717 prime?
False
Is 5967433 a prime number?
True
Is 274464467 prime?
True
Is 10049747 a prime number?
False
Is 29418617 prime?
True
Is 20751373 a prime number?
False
Is 632357 a composite number?
True
Is 19843601 composite?
False
Is 17861557 a composite number?
True
Is 59827771 prime?
False
Is 347851367 prime?
True
Is 171280597 a composite number?
True
Is 104767907 prime?
True
Is 45209039 prime?
False
Is 166636763 prime?
True
Is 1428699 prime?
False
Is 123947633 a prime number?
False
Is 3105623 prime?
False
Is 83365549 prime?
True
Is 100984479 a composite number?
True
Is 53356463 composite?
True
Is 15097483 prime?
True
Is 4981807 a composite number?
False
Is 173470727 a composite number?
False
Is 5700991 composite?
False
Is 4727351 prime?
False
Is 84070786 a prime number?
False
Is 37174799 a prime number?
True
Is 492293 a composite number?
False
Is 30100001 composite?
True
Is 45632407 a prime number?
True
Is 396105689 a composite number?
True
Is 74582627 composite?
True
Is 38937131 prime?
False
Is 282508235 a prime number?
False
Is 213677 a composite number?
True
Is 383459 a prime number?
True
Is 41333177 a prime number?
True
Is 1809793 a composite number?
False
Is 13445689 a prime number?
False
Is 10877743 a prime number?
True
Is 631580033 a composite number?
True
Is 54752759 a composite number?
False
Is 3444989 prime?
True
Is 8211227 prime?
True
Is 111616565 composite?
True
Is 200927 prime?
True
Is 19030421 composite?
True
Is 343991 a prime number?
False
Is 12782753 composite?
True
Is 498708673 a prime number?
False
Is 1595929 prime?
True
Is 2697143 a composite number?
True
Is 101352701 prime?
True
Is 424397 a composite number?
False
Is 4695701 prime?
True
Is 516017 composite?
False
Is 24160049 a composite number?
False
Is 52642063 a prime number?
True
Is 56703641 a prime number?
False
Is 5937851 a prime number?
True
Is 3661771 a composite number?
False
Is 15189261 composite?
True
Is 61015223 prime?
False
Is 162752797 composite?
False
Is 62294627 a prime number?
True
Is 207162077 prime?
True
Is 37909 composite?
True
Is 19768561 a prime number?
True
Is 45475249 a prime number?
False
Is 117169249 a composite nu